{"id":1789,"date":"2021-10-27T08:59:43","date_gmt":"2021-10-27T05:59:43","guid":{"rendered":"https:\/\/revalstone.com\/shop\/?post_type=product&#038;p=1789"},"modified":"2025-08-22T14:47:38","modified_gmt":"2025-08-22T11:47:38","slug":"aknalauad","status":"publish","type":"product","link":"https:\/\/revalstone.com\/shop\/toode\/aknalauad\/","title":{"rendered":"Aknalauad"},"content":{"rendered":"<p>Aknalaudade <strong>pinnat\u00f6\u00f6tlus <\/strong>on j\u00e4rgmine. T\u00f6\u00f6deldud on aknalaua pealmine pind, eesmine serv ja 10 cm aknalaua m\u00f5lemast k\u00fcljest (Reval antiigi puhul on pind harjatud ja teiste materjalide puhul lihvitud). Lisaks on eesmisel serval ja 10 cm ulatuses ka k\u00fclgedel 2 mm <strong>faasitud serv<\/strong>.<\/p>\n<p>Kaarma dolomiidile on iseloomulikud kivis esinevad poorid. Sellest materjalist valmistatud toodetel on poorid reeglina t\u00e4itmata ning nende l\u00e4bim\u00f5\u00f5t v\u00f5ib olla kuni 15 mm.\u00a0<strong>Kliendi soovil saame poorid t\u00e4ita \u2014 sellest palume tellimuse esitamisel teada anda<\/strong>. Teenuse hind on 10 \u20ac\/m\u00b2.<\/p>\n<p>Tagamaks aknalaudade terveks j\u00e4\u00e4mist transportimisel pakendatakse need\u00a0<strong>spetsiaalsetele alustele<\/strong>. Seet\u00f5ttu sisaldab aknalaudade transpordikulu ka 40\u20ac lisatasu \u00fche aluse kohta (hinnale lisandub k\u00e4ibemaks).<\/p>\n<p>Kui teil ei \u00f5nnestu mingil p\u00f5hjusel enda soovidele vastavat aknalauda ostukorvi lisada, v\u00f5i kui teil tekib tellimisega seoses mingeid k\u00fcsimusi, <strong>v\u00f5tke meiega \u00fchendust<\/strong> e-posti aadressil shop@revalstone.com.<\/p>\n","protected":false},"excerpt":{"rendered":"<p><span style=\"color: #009d89;\"><strong>Oma kaevandused ja oma tootmine!<\/strong><\/span><\/p>\n<p>Aknalauad on saadaval <strong>neljast <\/strong><strong>kodumaisest looduskivist<\/strong>:\u00a0dolomiidid <strong><span style=\"text-decoration: underline;\"><a href=\"https:\/\/revalstone.com\/dolomiit-kaarma\/\" target=\"_blank\" rel=\"noopener\">Kaarma<\/a><\/span><\/strong>\u00a0(kaks pinnat\u00f6\u00f6tlust), <strong><span style=\"text-decoration: underline;\"><a href=\"https:\/\/revalstone.com\/dolomiit-orgita\/\" target=\"_blank\" rel=\"noopener\">Orgita<\/a><\/span><\/strong> ja <strong><span style=\"text-decoration: underline;\"><a href=\"https:\/\/revalstone.com\/dolomiit-selgase\/\" target=\"_blank\" rel=\"noopener\">Selgase<\/a><\/span><\/strong> ning paekivi <strong><span style=\"text-decoration: underline;\"><a href=\"https:\/\/revalstone.com\/paekivi-reval\/\" target=\"_blank\" rel=\"noopener\">Reval<\/a><\/span><\/strong> (kaks pinnat\u00f6\u00f6tlust).\u00a0K\u00f5igist materjalidest aknalaudadele kehtib <strong>sama hind<\/strong>, kuid s\u00f5ltuvalt materjalist on aknalaua suurim v\u00f5imalik pikkus erinev. Sellest suurema m\u00f5\u00f5du korral on lahenduseks <strong>aknalaua tellimine kahes osas<\/strong> (reeglina tehakse pikkus pooleks). K\u00f5igi aknalaudade suurim v\u00f5imalik laius (s\u00fcgavus) on 63 cm.<\/p>\n<p>Paekivist v\u00f5i dolomiidist aknalauda tellides valige esmalt \u00e4ra <strong>materjal<\/strong> ja seej\u00e4rel <strong>paksus<\/strong> (2 cm v\u00f5i 3 cm). Seej\u00e4rel sisestage vastavatesse lahtritesse aknalaua <strong>pikkus ja laius<\/strong> (sentimeetrites). Komakohaga arvu sisestamisel <strong>kasutage koma asemel punkti<\/strong>. P\u00e4rast seda kuvatakse aknalaua hind ja te saate aknalaua ostukorvi lisada ning soovi korral j\u00e4rgmise aknalaua tellimiseks uued m\u00f5\u00f5dud sisestada.<\/p>\n<p>Lisaks aknalaudadele on meie e-poes saadaval ka <strong>samadest looduskividest <span style=\"text-decoration: underline;\"><a href=\"https:\/\/revalstone.com\/shop\/pood\/\" target=\"_blank\" rel=\"noopener\">p\u00f5randaplaadid<\/a><\/span><\/strong>, <span style=\"text-decoration: underline;\"><strong><a href=\"https:\/\/revalstone.com\/shop\/toode\/porandaliistud\/\" target=\"_blank\" rel=\"noopener\">p\u00f5randaliistud<\/a><\/strong><\/span> ja <span style=\"text-decoration: underline;\"><a href=\"https:\/\/revalstone.com\/shop\/toode\/toopinnad\/\" target=\"_blank\" rel=\"noopener\"><strong>t\u00f6\u00f6pinnad<\/strong><\/a><\/span>.<\/p>\n<p><strong>NB!<\/strong> Nende kividega tutvumiseks saad tellida 20 x 20 cm <a href=\"https:\/\/revalstone.com\/shop\/toode\/naidised\/\" target=\"_blank\" rel=\"noopener\"><span style=\"text-decoration: underline;\"><strong>n\u00e4idiseid<\/strong><\/span><\/a>.<\/p>\n","protected":false},"featured_media":14858,"comment_status":"closed","ping_status":"closed","template":"","meta":{"_acf_changed":false},"product_brand":[],"product_cat":[368,15],"product_tag":[],"class_list":{"0":"post-1789","1":"product","2":"type-product","3":"status-publish","4":"has-post-thumbnail","6":"product_cat-aknalauad-ja-toopinnad","7":"product_cat-misc","9":"first","10":"instock","11":"taxable","12":"shipping-taxable","13":"purchasable","14":"product-type-variable","15":"rtwpvg-product"},"acf":[],"yoast_head":"<!-- This site is optimized with the Yoast SEO plugin v27.4 - https:\/\/yoast.com\/product\/yoast-seo-wordpress\/ -->\n<title>Aknalauad - Paekivi, dolomiit - Reval Stone e-pood<\/title>\n<meta name=\"description\" content=\"Paekivist ja dolomiidist aknalauad otse tootjalt. Telli eritellimusel toodetavad aknalauad e-poest. L\u00fchike tootmisaeg ja transport \u00fcle Eesti.\" \/>\n<meta name=\"robots\" content=\"index, follow, max-snippet:-1, max-image-preview:large, max-video-preview:-1\" \/>\n<link rel=\"canonical\" href=\"https:\/\/revalstone.com\/shop\/toode\/aknalauad\/\" \/>\n<meta property=\"og:locale\" content=\"et_EE\" \/>\n<meta property=\"og:type\" content=\"article\" \/>\n<meta property=\"og:title\" content=\"Aknalauad - Paekivi, dolomiit - Reval Stone e-pood\" \/>\n<meta property=\"og:description\" content=\"Paekivist ja dolomiidist aknalauad otse tootjalt. Telli eritellimusel toodetavad aknalauad e-poest. L\u00fchike tootmisaeg ja transport \u00fcle Eesti.\" \/>\n<meta property=\"og:url\" content=\"https:\/\/revalstone.com\/shop\/toode\/aknalauad\/\" \/>\n<meta property=\"og:site_name\" content=\"Reval Stone e-pood\" \/>\n<meta property=\"article:publisher\" content=\"https:\/\/www.facebook.com\/revalstoneofficial\" \/>\n<meta property=\"article:modified_time\" content=\"2025-08-22T11:47:38+00:00\" \/>\n<meta property=\"og:image\" content=\"https:\/\/revalstone.com\/shop\/wp-content\/uploads\/2024\/01\/Reval1-paekivi-aknalaud-window-sill-fonsterbank-24.jpg\" \/>\n\t<meta property=\"og:image:width\" content=\"1500\" \/>\n\t<meta property=\"og:image:height\" content=\"1500\" \/>\n\t<meta property=\"og:image:type\" content=\"image\/jpeg\" \/>\n<meta name=\"twitter:card\" content=\"summary_large_image\" \/>\n<meta name=\"twitter:label1\" content=\"Est. reading time\" \/>\n\t<meta name=\"twitter:data1\" content=\"1 minut\" \/>\n<script type=\"application\/ld+json\" class=\"yoast-schema-graph\">{\"@context\":\"https:\\\/\\\/schema.org\",\"@graph\":[{\"@type\":\"WebPage\",\"@id\":\"https:\\\/\\\/revalstone.com\\\/shop\\\/toode\\\/aknalauad\\\/\",\"url\":\"https:\\\/\\\/revalstone.com\\\/shop\\\/toode\\\/aknalauad\\\/\",\"name\":\"Aknalauad - Paekivi, dolomiit - Reval Stone e-pood\",\"isPartOf\":{\"@id\":\"https:\\\/\\\/revalstone.com\\\/shop\\\/#website\"},\"primaryImageOfPage\":{\"@id\":\"https:\\\/\\\/revalstone.com\\\/shop\\\/toode\\\/aknalauad\\\/#primaryimage\"},\"image\":{\"@id\":\"https:\\\/\\\/revalstone.com\\\/shop\\\/toode\\\/aknalauad\\\/#primaryimage\"},\"thumbnailUrl\":\"https:\\\/\\\/revalstone.com\\\/shop\\\/wp-content\\\/uploads\\\/2024\\\/01\\\/Reval1-paekivi-aknalaud-window-sill-fonsterbank-24.jpg\",\"datePublished\":\"2021-10-27T05:59:43+00:00\",\"dateModified\":\"2025-08-22T11:47:38+00:00\",\"description\":\"Paekivist ja dolomiidist aknalauad otse tootjalt. Telli eritellimusel toodetavad aknalauad e-poest. L\u00fchike tootmisaeg ja transport \u00fcle Eesti.\",\"breadcrumb\":{\"@id\":\"https:\\\/\\\/revalstone.com\\\/shop\\\/toode\\\/aknalauad\\\/#breadcrumb\"},\"inLanguage\":\"et\",\"potentialAction\":[{\"@type\":\"ReadAction\",\"target\":[\"https:\\\/\\\/revalstone.com\\\/shop\\\/toode\\\/aknalauad\\\/\"]}]},{\"@type\":\"ImageObject\",\"inLanguage\":\"et\",\"@id\":\"https:\\\/\\\/revalstone.com\\\/shop\\\/toode\\\/aknalauad\\\/#primaryimage\",\"url\":\"https:\\\/\\\/revalstone.com\\\/shop\\\/wp-content\\\/uploads\\\/2024\\\/01\\\/Reval1-paekivi-aknalaud-window-sill-fonsterbank-24.jpg\",\"contentUrl\":\"https:\\\/\\\/revalstone.com\\\/shop\\\/wp-content\\\/uploads\\\/2024\\\/01\\\/Reval1-paekivi-aknalaud-window-sill-fonsterbank-24.jpg\",\"width\":1500,\"height\":1500},{\"@type\":\"BreadcrumbList\",\"@id\":\"https:\\\/\\\/revalstone.com\\\/shop\\\/toode\\\/aknalauad\\\/#breadcrumb\",\"itemListElement\":[{\"@type\":\"ListItem\",\"position\":1,\"name\":\"Home page\",\"item\":\"https:\\\/\\\/revalstone.com\\\/shop\\\/home\\\/\"},{\"@type\":\"ListItem\",\"position\":2,\"name\":\"Pood\",\"item\":\"https:\\\/\\\/revalstone.com\\\/shop\\\/pood\\\/\"},{\"@type\":\"ListItem\",\"position\":3,\"name\":\"Aknalauad\"}]},{\"@type\":\"WebSite\",\"@id\":\"https:\\\/\\\/revalstone.com\\\/shop\\\/#website\",\"url\":\"https:\\\/\\\/revalstone.com\\\/shop\\\/\",\"name\":\"Reval Stone e-pood\",\"description\":\"\",\"publisher\":{\"@id\":\"https:\\\/\\\/revalstone.com\\\/shop\\\/#organization\"},\"potentialAction\":[{\"@type\":\"SearchAction\",\"target\":{\"@type\":\"EntryPoint\",\"urlTemplate\":\"https:\\\/\\\/revalstone.com\\\/shop\\\/?s={search_term_string}\"},\"query-input\":{\"@type\":\"PropertyValueSpecification\",\"valueRequired\":true,\"valueName\":\"search_term_string\"}}],\"inLanguage\":\"et\"},{\"@type\":\"Organization\",\"@id\":\"https:\\\/\\\/revalstone.com\\\/shop\\\/#organization\",\"name\":\"Reval Stone\",\"url\":\"https:\\\/\\\/revalstone.com\\\/shop\\\/\",\"logo\":{\"@type\":\"ImageObject\",\"inLanguage\":\"et\",\"@id\":\"https:\\\/\\\/revalstone.com\\\/shop\\\/#\\\/schema\\\/logo\\\/image\\\/\",\"url\":\"https:\\\/\\\/revalstone.com\\\/shop\\\/wp-content\\\/uploads\\\/2021\\\/09\\\/Logo_v.png\",\"contentUrl\":\"https:\\\/\\\/revalstone.com\\\/shop\\\/wp-content\\\/uploads\\\/2021\\\/09\\\/Logo_v.png\",\"width\":960,\"height\":672,\"caption\":\"Reval Stone\"},\"image\":{\"@id\":\"https:\\\/\\\/revalstone.com\\\/shop\\\/#\\\/schema\\\/logo\\\/image\\\/\"},\"sameAs\":[\"https:\\\/\\\/www.facebook.com\\\/revalstoneofficial\",\"https:\\\/\\\/www.instagram.com\\\/revalstoneofficial\\\/\",\"https:\\\/\\\/en.wikipedia.org\\\/wiki\\\/Saare_Dolomiit-V\u00e4okivi\"]}]}<\/script>\n<!-- \/ Yoast SEO plugin. -->","yoast_head_json":{"title":"Aknalauad - Paekivi, dolomiit - Reval Stone e-pood","description":"Paekivist ja dolomiidist aknalauad otse tootjalt. Telli eritellimusel toodetavad aknalauad e-poest. L\u00fchike tootmisaeg ja transport \u00fcle Eesti.","robots":{"index":"index","follow":"follow","max-snippet":"max-snippet:-1","max-image-preview":"max-image-preview:large","max-video-preview":"max-video-preview:-1"},"canonical":"https:\/\/revalstone.com\/shop\/toode\/aknalauad\/","og_locale":"et_EE","og_type":"article","og_title":"Aknalauad - Paekivi, dolomiit - Reval Stone e-pood","og_description":"Paekivist ja dolomiidist aknalauad otse tootjalt. Telli eritellimusel toodetavad aknalauad e-poest. L\u00fchike tootmisaeg ja transport \u00fcle Eesti.","og_url":"https:\/\/revalstone.com\/shop\/toode\/aknalauad\/","og_site_name":"Reval Stone e-pood","article_publisher":"https:\/\/www.facebook.com\/revalstoneofficial","article_modified_time":"2025-08-22T11:47:38+00:00","og_image":[{"width":1500,"height":1500,"url":"https:\/\/revalstone.com\/shop\/wp-content\/uploads\/2024\/01\/Reval1-paekivi-aknalaud-window-sill-fonsterbank-24.jpg","type":"image\/jpeg"}],"twitter_card":"summary_large_image","twitter_misc":{"Est. reading time":"1 minut"},"schema":{"@context":"https:\/\/schema.org","@graph":[{"@type":"WebPage","@id":"https:\/\/revalstone.com\/shop\/toode\/aknalauad\/","url":"https:\/\/revalstone.com\/shop\/toode\/aknalauad\/","name":"Aknalauad - Paekivi, dolomiit - Reval Stone e-pood","isPartOf":{"@id":"https:\/\/revalstone.com\/shop\/#website"},"primaryImageOfPage":{"@id":"https:\/\/revalstone.com\/shop\/toode\/aknalauad\/#primaryimage"},"image":{"@id":"https:\/\/revalstone.com\/shop\/toode\/aknalauad\/#primaryimage"},"thumbnailUrl":"https:\/\/revalstone.com\/shop\/wp-content\/uploads\/2024\/01\/Reval1-paekivi-aknalaud-window-sill-fonsterbank-24.jpg","datePublished":"2021-10-27T05:59:43+00:00","dateModified":"2025-08-22T11:47:38+00:00","description":"Paekivist ja dolomiidist aknalauad otse tootjalt. Telli eritellimusel toodetavad aknalauad e-poest. L\u00fchike tootmisaeg ja transport \u00fcle Eesti.","breadcrumb":{"@id":"https:\/\/revalstone.com\/shop\/toode\/aknalauad\/#breadcrumb"},"inLanguage":"et","potentialAction":[{"@type":"ReadAction","target":["https:\/\/revalstone.com\/shop\/toode\/aknalauad\/"]}]},{"@type":"ImageObject","inLanguage":"et","@id":"https:\/\/revalstone.com\/shop\/toode\/aknalauad\/#primaryimage","url":"https:\/\/revalstone.com\/shop\/wp-content\/uploads\/2024\/01\/Reval1-paekivi-aknalaud-window-sill-fonsterbank-24.jpg","contentUrl":"https:\/\/revalstone.com\/shop\/wp-content\/uploads\/2024\/01\/Reval1-paekivi-aknalaud-window-sill-fonsterbank-24.jpg","width":1500,"height":1500},{"@type":"BreadcrumbList","@id":"https:\/\/revalstone.com\/shop\/toode\/aknalauad\/#breadcrumb","itemListElement":[{"@type":"ListItem","position":1,"name":"Home page","item":"https:\/\/revalstone.com\/shop\/home\/"},{"@type":"ListItem","position":2,"name":"Pood","item":"https:\/\/revalstone.com\/shop\/pood\/"},{"@type":"ListItem","position":3,"name":"Aknalauad"}]},{"@type":"WebSite","@id":"https:\/\/revalstone.com\/shop\/#website","url":"https:\/\/revalstone.com\/shop\/","name":"Reval Stone e-pood","description":"","publisher":{"@id":"https:\/\/revalstone.com\/shop\/#organization"},"potentialAction":[{"@type":"SearchAction","target":{"@type":"EntryPoint","urlTemplate":"https:\/\/revalstone.com\/shop\/?s={search_term_string}"},"query-input":{"@type":"PropertyValueSpecification","valueRequired":true,"valueName":"search_term_string"}}],"inLanguage":"et"},{"@type":"Organization","@id":"https:\/\/revalstone.com\/shop\/#organization","name":"Reval Stone","url":"https:\/\/revalstone.com\/shop\/","logo":{"@type":"ImageObject","inLanguage":"et","@id":"https:\/\/revalstone.com\/shop\/#\/schema\/logo\/image\/","url":"https:\/\/revalstone.com\/shop\/wp-content\/uploads\/2021\/09\/Logo_v.png","contentUrl":"https:\/\/revalstone.com\/shop\/wp-content\/uploads\/2021\/09\/Logo_v.png","width":960,"height":672,"caption":"Reval Stone"},"image":{"@id":"https:\/\/revalstone.com\/shop\/#\/schema\/logo\/image\/"},"sameAs":["https:\/\/www.facebook.com\/revalstoneofficial","https:\/\/www.instagram.com\/revalstoneofficial\/","https:\/\/en.wikipedia.org\/wiki\/Saare_Dolomiit-V\u00e4okivi"]}]}},"_links":{"self":[{"href":"https:\/\/revalstone.com\/shop\/wp-json\/wp\/v2\/product\/1789","targetHints":{"allow":["GET"]}}],"collection":[{"href":"https:\/\/revalstone.com\/shop\/wp-json\/wp\/v2\/product"}],"about":[{"href":"https:\/\/revalstone.com\/shop\/wp-json\/wp\/v2\/types\/product"}],"replies":[{"embeddable":true,"href":"https:\/\/revalstone.com\/shop\/wp-json\/wp\/v2\/comments?post=1789"}],"wp:featuredmedia":[{"embeddable":true,"href":"https:\/\/revalstone.com\/shop\/wp-json\/wp\/v2\/media\/14858"}],"wp:attachment":[{"href":"https:\/\/revalstone.com\/shop\/wp-json\/wp\/v2\/media?parent=1789"}],"wp:term":[{"taxonomy":"product_brand","embeddable":true,"href":"https:\/\/revalstone.com\/shop\/wp-json\/wp\/v2\/product_brand?post=1789"},{"taxonomy":"product_cat","embeddable":true,"href":"https:\/\/revalstone.com\/shop\/wp-json\/wp\/v2\/product_cat?post=1789"},{"taxonomy":"product_tag","embeddable":true,"href":"https:\/\/revalstone.com\/shop\/wp-json\/wp\/v2\/product_tag?post=1789"}],"curies":[{"name":"wp","href":"https:\/\/api.w.org\/{rel}","templated":true}]}}