{"id":48,"date":"2021-05-01T08:59:25","date_gmt":"2021-05-01T05:59:25","guid":{"rendered":"https:\/\/revalstone.com\/shop\/?post_type=product&#038;p=48"},"modified":"2025-10-14T12:40:24","modified_gmt":"2025-10-14T09:40:24","slug":"selgase-lihv","status":"publish","type":"product","link":"https:\/\/revalstone.com\/shop\/toode\/selgase-lihv\/","title":{"rendered":"Selgase lihv"},"content":{"rendered":"<p>V\u00f5rreldes teiste meie e-poes m\u00fc\u00fcdavate looduskividega on Selgase kivi kasutamise ajalugu l\u00fchike \u2013 vaid paarsada aastat. Tollal kasutati kivi seinamaterjalina, kuid t\u00e4nap\u00e4eval kasutatakse seda \u00e4ratuntava mustriga dolomiiti palju ka siseviimistluses.<\/p>\n<p>Lihvitud Selgase dolomiidi libisemiskindlus on kuiva pinna korral 67,0 ja m\u00e4rja pinna korral 56,2 ning m\u00f5lemad n\u00e4itajad vastavad klassile P5 (R13). Klassid P5\/R13 osutavad suurimale libisemiskindlusele ehk v\u00e4ga madalale libisemisriskile. Katsed viidi l\u00e4bi Stone Pole Oy laboris Soomes.<\/p>\n","protected":false},"excerpt":{"rendered":"<p><span style=\"color: #009d89;\"><strong>Oma kaevandused ja oma tootmine!<\/strong><\/span><\/p>\n<p>Saaremaa l\u00e4\u00e4neosast p\u00e4rinev dolomiit, millel on iseloomulik kollase v\u00f5i sinise v\u00e4rviga muster. See v\u00e4ga dekoratiivne ja tugeva mustriga looduskivi tekkis enam kui 400 miljonit aastat tagasi. Tellitavad plaadid v\u00f5ivad sisaldada nii kollakama kui ka sinakama tooniga kivi. Loe selle k\u00fcllaltki hiljuti kasutusele v\u00f5etud kivi kohta edasi <span style=\"text-decoration: underline;\"><a href=\"https:\/\/revalstone.com\/dolomiit-selgase\/\" target=\"_blank\" rel=\"noopener\"><strong>siit<\/strong><\/a><\/span>.<\/p>\n<p>P\u00f5randaplaatide paksus on 10 mm.<\/p>\n<p>E-poes on saadaval ka samast materjalist <span style=\"text-decoration: underline;\"><strong><a href=\"https:\/\/revalstone.com\/shop\/toode\/porandaliistud\/\" target=\"_blank\" rel=\"noopener\">p\u00f5randaliistud<\/a><\/strong><\/span> ja <span style=\"text-decoration: underline;\"><a href=\"https:\/\/revalstone.com\/shop\/toode\/aknalauad\/\" target=\"_blank\" rel=\"noopener\"><strong>aknalauad<\/strong><\/a><\/span>.<\/p>\n<p>Transpordihindade kohta saad t\u00e4psemalt lugeda <a href=\"https:\/\/revalstone.com\/shop\/transport\/\" target=\"_blank\" rel=\"noopener\"><span style=\"text-decoration: underline;\"><strong>siit<\/strong><\/span><\/a>.<\/p>\n<p><strong>NB!<\/strong> Selle kiviga tutvumiseks saad tellida 20 x 20 cm n\u00e4idise.<\/p>\n","protected":false},"featured_media":1240,"comment_status":"closed","ping_status":"closed","template":"","meta":{"_acf_changed":false},"product_brand":[],"product_cat":[15,161],"product_tag":[],"class_list":{"0":"post-48","1":"product","2":"type-product","3":"status-publish","4":"has-post-thumbnail","6":"product_cat-misc","7":"product_cat-looduslikud-kivid","9":"first","10":"instock","11":"taxable","12":"shipping-taxable","13":"purchasable","14":"product-type-variable","15":"rtwpvg-product"},"acf":[],"yoast_head":"<!-- This site is optimized with the Yoast SEO plugin v27.4 - https:\/\/yoast.com\/product\/yoast-seo-wordpress\/ -->\n<title>Selgase lihv - Selgase dolomiit - Reval Stone e-pood<\/title>\n<meta name=\"description\" content=\"Saaremaa l\u00e4\u00e4neosast p\u00e4rinev dolomiit, millel on iseloomulik kollase v\u00f5i sinise v\u00e4rviga muster. Nii kollakama kui ka sinakama tooniga kivi.\" \/>\n<meta name=\"robots\" content=\"index, follow, max-snippet:-1, max-image-preview:large, max-video-preview:-1\" \/>\n<link rel=\"canonical\" href=\"https:\/\/revalstone.com\/shop\/toode\/selgase-lihv\/\" \/>\n<meta property=\"og:locale\" content=\"et_EE\" \/>\n<meta property=\"og:type\" content=\"article\" \/>\n<meta property=\"og:title\" content=\"Selgase lihv - Selgase dolomiit - Reval Stone e-pood\" \/>\n<meta property=\"og:description\" content=\"Saaremaa l\u00e4\u00e4neosast p\u00e4rinev dolomiit, millel on iseloomulik kollase v\u00f5i sinise v\u00e4rviga muster. Nii kollakama kui ka sinakama tooniga kivi.\" \/>\n<meta property=\"og:url\" content=\"https:\/\/revalstone.com\/shop\/toode\/selgase-lihv\/\" \/>\n<meta property=\"og:site_name\" content=\"Reval Stone e-pood\" \/>\n<meta property=\"article:publisher\" content=\"https:\/\/www.facebook.com\/revalstoneofficial\" \/>\n<meta property=\"article:modified_time\" content=\"2025-10-14T09:40:24+00:00\" \/>\n<meta property=\"og:image\" content=\"https:\/\/revalstone.com\/shop\/wp-content\/uploads\/2021\/07\/Reval_Stone_Selgase_lihv_05.jpg\" \/>\n\t<meta property=\"og:image:width\" content=\"1500\" \/>\n\t<meta property=\"og:image:height\" content=\"1500\" \/>\n\t<meta property=\"og:image:type\" content=\"image\/jpeg\" \/>\n<meta name=\"twitter:card\" content=\"summary_large_image\" \/>\n<meta name=\"twitter:label1\" content=\"Est. reading time\" \/>\n\t<meta name=\"twitter:data1\" content=\"1 minut\" \/>\n<script type=\"application\/ld+json\" class=\"yoast-schema-graph\">{\"@context\":\"https:\\\/\\\/schema.org\",\"@graph\":[{\"@type\":\"WebPage\",\"@id\":\"https:\\\/\\\/revalstone.com\\\/shop\\\/toode\\\/selgase-lihv\\\/\",\"url\":\"https:\\\/\\\/revalstone.com\\\/shop\\\/toode\\\/selgase-lihv\\\/\",\"name\":\"Selgase lihv - Selgase dolomiit - Reval Stone e-pood\",\"isPartOf\":{\"@id\":\"https:\\\/\\\/revalstone.com\\\/shop\\\/#website\"},\"primaryImageOfPage\":{\"@id\":\"https:\\\/\\\/revalstone.com\\\/shop\\\/toode\\\/selgase-lihv\\\/#primaryimage\"},\"image\":{\"@id\":\"https:\\\/\\\/revalstone.com\\\/shop\\\/toode\\\/selgase-lihv\\\/#primaryimage\"},\"thumbnailUrl\":\"https:\\\/\\\/revalstone.com\\\/shop\\\/wp-content\\\/uploads\\\/2021\\\/07\\\/Reval_Stone_Selgase_lihv_05.jpg\",\"datePublished\":\"2021-05-01T05:59:25+00:00\",\"dateModified\":\"2025-10-14T09:40:24+00:00\",\"description\":\"Saaremaa l\u00e4\u00e4neosast p\u00e4rinev dolomiit, millel on iseloomulik kollase v\u00f5i sinise v\u00e4rviga muster. Nii kollakama kui ka sinakama tooniga kivi.\",\"breadcrumb\":{\"@id\":\"https:\\\/\\\/revalstone.com\\\/shop\\\/toode\\\/selgase-lihv\\\/#breadcrumb\"},\"inLanguage\":\"et\",\"potentialAction\":[{\"@type\":\"ReadAction\",\"target\":[\"https:\\\/\\\/revalstone.com\\\/shop\\\/toode\\\/selgase-lihv\\\/\"]}]},{\"@type\":\"ImageObject\",\"inLanguage\":\"et\",\"@id\":\"https:\\\/\\\/revalstone.com\\\/shop\\\/toode\\\/selgase-lihv\\\/#primaryimage\",\"url\":\"https:\\\/\\\/revalstone.com\\\/shop\\\/wp-content\\\/uploads\\\/2021\\\/07\\\/Reval_Stone_Selgase_lihv_05.jpg\",\"contentUrl\":\"https:\\\/\\\/revalstone.com\\\/shop\\\/wp-content\\\/uploads\\\/2021\\\/07\\\/Reval_Stone_Selgase_lihv_05.jpg\",\"width\":1500,\"height\":1500,\"caption\":\"Reval Stone Selgase dolomiit lihvitud\"},{\"@type\":\"BreadcrumbList\",\"@id\":\"https:\\\/\\\/revalstone.com\\\/shop\\\/toode\\\/selgase-lihv\\\/#breadcrumb\",\"itemListElement\":[{\"@type\":\"ListItem\",\"position\":1,\"name\":\"Home page\",\"item\":\"https:\\\/\\\/revalstone.com\\\/shop\\\/home\\\/\"},{\"@type\":\"ListItem\",\"position\":2,\"name\":\"Pood\",\"item\":\"https:\\\/\\\/revalstone.com\\\/shop\\\/pood\\\/\"},{\"@type\":\"ListItem\",\"position\":3,\"name\":\"Selgase lihv\"}]},{\"@type\":\"WebSite\",\"@id\":\"https:\\\/\\\/revalstone.com\\\/shop\\\/#website\",\"url\":\"https:\\\/\\\/revalstone.com\\\/shop\\\/\",\"name\":\"Reval Stone e-pood\",\"description\":\"\",\"publisher\":{\"@id\":\"https:\\\/\\\/revalstone.com\\\/shop\\\/#organization\"},\"potentialAction\":[{\"@type\":\"SearchAction\",\"target\":{\"@type\":\"EntryPoint\",\"urlTemplate\":\"https:\\\/\\\/revalstone.com\\\/shop\\\/?s={search_term_string}\"},\"query-input\":{\"@type\":\"PropertyValueSpecification\",\"valueRequired\":true,\"valueName\":\"search_term_string\"}}],\"inLanguage\":\"et\"},{\"@type\":\"Organization\",\"@id\":\"https:\\\/\\\/revalstone.com\\\/shop\\\/#organization\",\"name\":\"Reval Stone\",\"url\":\"https:\\\/\\\/revalstone.com\\\/shop\\\/\",\"logo\":{\"@type\":\"ImageObject\",\"inLanguage\":\"et\",\"@id\":\"https:\\\/\\\/revalstone.com\\\/shop\\\/#\\\/schema\\\/logo\\\/image\\\/\",\"url\":\"https:\\\/\\\/revalstone.com\\\/shop\\\/wp-content\\\/uploads\\\/2021\\\/09\\\/Logo_v.png\",\"contentUrl\":\"https:\\\/\\\/revalstone.com\\\/shop\\\/wp-content\\\/uploads\\\/2021\\\/09\\\/Logo_v.png\",\"width\":960,\"height\":672,\"caption\":\"Reval Stone\"},\"image\":{\"@id\":\"https:\\\/\\\/revalstone.com\\\/shop\\\/#\\\/schema\\\/logo\\\/image\\\/\"},\"sameAs\":[\"https:\\\/\\\/www.facebook.com\\\/revalstoneofficial\",\"https:\\\/\\\/www.instagram.com\\\/revalstoneofficial\\\/\",\"https:\\\/\\\/en.wikipedia.org\\\/wiki\\\/Saare_Dolomiit-V\u00e4okivi\"]}]}<\/script>\n<!-- \/ Yoast SEO plugin. -->","yoast_head_json":{"title":"Selgase lihv - Selgase dolomiit - Reval Stone e-pood","description":"Saaremaa l\u00e4\u00e4neosast p\u00e4rinev dolomiit, millel on iseloomulik kollase v\u00f5i sinise v\u00e4rviga muster. Nii kollakama kui ka sinakama tooniga kivi.","robots":{"index":"index","follow":"follow","max-snippet":"max-snippet:-1","max-image-preview":"max-image-preview:large","max-video-preview":"max-video-preview:-1"},"canonical":"https:\/\/revalstone.com\/shop\/toode\/selgase-lihv\/","og_locale":"et_EE","og_type":"article","og_title":"Selgase lihv - Selgase dolomiit - Reval Stone e-pood","og_description":"Saaremaa l\u00e4\u00e4neosast p\u00e4rinev dolomiit, millel on iseloomulik kollase v\u00f5i sinise v\u00e4rviga muster. Nii kollakama kui ka sinakama tooniga kivi.","og_url":"https:\/\/revalstone.com\/shop\/toode\/selgase-lihv\/","og_site_name":"Reval Stone e-pood","article_publisher":"https:\/\/www.facebook.com\/revalstoneofficial","article_modified_time":"2025-10-14T09:40:24+00:00","og_image":[{"width":1500,"height":1500,"url":"https:\/\/revalstone.com\/shop\/wp-content\/uploads\/2021\/07\/Reval_Stone_Selgase_lihv_05.jpg","type":"image\/jpeg"}],"twitter_card":"summary_large_image","twitter_misc":{"Est. reading time":"1 minut"},"schema":{"@context":"https:\/\/schema.org","@graph":[{"@type":"WebPage","@id":"https:\/\/revalstone.com\/shop\/toode\/selgase-lihv\/","url":"https:\/\/revalstone.com\/shop\/toode\/selgase-lihv\/","name":"Selgase lihv - Selgase dolomiit - Reval Stone e-pood","isPartOf":{"@id":"https:\/\/revalstone.com\/shop\/#website"},"primaryImageOfPage":{"@id":"https:\/\/revalstone.com\/shop\/toode\/selgase-lihv\/#primaryimage"},"image":{"@id":"https:\/\/revalstone.com\/shop\/toode\/selgase-lihv\/#primaryimage"},"thumbnailUrl":"https:\/\/revalstone.com\/shop\/wp-content\/uploads\/2021\/07\/Reval_Stone_Selgase_lihv_05.jpg","datePublished":"2021-05-01T05:59:25+00:00","dateModified":"2025-10-14T09:40:24+00:00","description":"Saaremaa l\u00e4\u00e4neosast p\u00e4rinev dolomiit, millel on iseloomulik kollase v\u00f5i sinise v\u00e4rviga muster. Nii kollakama kui ka sinakama tooniga kivi.","breadcrumb":{"@id":"https:\/\/revalstone.com\/shop\/toode\/selgase-lihv\/#breadcrumb"},"inLanguage":"et","potentialAction":[{"@type":"ReadAction","target":["https:\/\/revalstone.com\/shop\/toode\/selgase-lihv\/"]}]},{"@type":"ImageObject","inLanguage":"et","@id":"https:\/\/revalstone.com\/shop\/toode\/selgase-lihv\/#primaryimage","url":"https:\/\/revalstone.com\/shop\/wp-content\/uploads\/2021\/07\/Reval_Stone_Selgase_lihv_05.jpg","contentUrl":"https:\/\/revalstone.com\/shop\/wp-content\/uploads\/2021\/07\/Reval_Stone_Selgase_lihv_05.jpg","width":1500,"height":1500,"caption":"Reval Stone Selgase dolomiit lihvitud"},{"@type":"BreadcrumbList","@id":"https:\/\/revalstone.com\/shop\/toode\/selgase-lihv\/#breadcrumb","itemListElement":[{"@type":"ListItem","position":1,"name":"Home page","item":"https:\/\/revalstone.com\/shop\/home\/"},{"@type":"ListItem","position":2,"name":"Pood","item":"https:\/\/revalstone.com\/shop\/pood\/"},{"@type":"ListItem","position":3,"name":"Selgase lihv"}]},{"@type":"WebSite","@id":"https:\/\/revalstone.com\/shop\/#website","url":"https:\/\/revalstone.com\/shop\/","name":"Reval Stone e-pood","description":"","publisher":{"@id":"https:\/\/revalstone.com\/shop\/#organization"},"potentialAction":[{"@type":"SearchAction","target":{"@type":"EntryPoint","urlTemplate":"https:\/\/revalstone.com\/shop\/?s={search_term_string}"},"query-input":{"@type":"PropertyValueSpecification","valueRequired":true,"valueName":"search_term_string"}}],"inLanguage":"et"},{"@type":"Organization","@id":"https:\/\/revalstone.com\/shop\/#organization","name":"Reval Stone","url":"https:\/\/revalstone.com\/shop\/","logo":{"@type":"ImageObject","inLanguage":"et","@id":"https:\/\/revalstone.com\/shop\/#\/schema\/logo\/image\/","url":"https:\/\/revalstone.com\/shop\/wp-content\/uploads\/2021\/09\/Logo_v.png","contentUrl":"https:\/\/revalstone.com\/shop\/wp-content\/uploads\/2021\/09\/Logo_v.png","width":960,"height":672,"caption":"Reval Stone"},"image":{"@id":"https:\/\/revalstone.com\/shop\/#\/schema\/logo\/image\/"},"sameAs":["https:\/\/www.facebook.com\/revalstoneofficial","https:\/\/www.instagram.com\/revalstoneofficial\/","https:\/\/en.wikipedia.org\/wiki\/Saare_Dolomiit-V\u00e4okivi"]}]}},"_links":{"self":[{"href":"https:\/\/revalstone.com\/shop\/wp-json\/wp\/v2\/product\/48","targetHints":{"allow":["GET"]}}],"collection":[{"href":"https:\/\/revalstone.com\/shop\/wp-json\/wp\/v2\/product"}],"about":[{"href":"https:\/\/revalstone.com\/shop\/wp-json\/wp\/v2\/types\/product"}],"replies":[{"embeddable":true,"href":"https:\/\/revalstone.com\/shop\/wp-json\/wp\/v2\/comments?post=48"}],"wp:featuredmedia":[{"embeddable":true,"href":"https:\/\/revalstone.com\/shop\/wp-json\/wp\/v2\/media\/1240"}],"wp:attachment":[{"href":"https:\/\/revalstone.com\/shop\/wp-json\/wp\/v2\/media?parent=48"}],"wp:term":[{"taxonomy":"product_brand","embeddable":true,"href":"https:\/\/revalstone.com\/shop\/wp-json\/wp\/v2\/product_brand?post=48"},{"taxonomy":"product_cat","embeddable":true,"href":"https:\/\/revalstone.com\/shop\/wp-json\/wp\/v2\/product_cat?post=48"},{"taxonomy":"product_tag","embeddable":true,"href":"https:\/\/revalstone.com\/shop\/wp-json\/wp\/v2\/product_tag?post=48"}],"curies":[{"name":"wp","href":"https:\/\/api.w.org\/{rel}","templated":true}]}}